{"id":76,"date":"2015-12-28T18:15:10","date_gmt":"2015-12-28T18:15:10","guid":{"rendered":"http:\/\/www.villaangela.info\/sito\/?page_id=76"},"modified":"2015-12-28T18:15:10","modified_gmt":"2015-12-28T18:15:10","slug":"servizio-di-riabilitazione-residenziale-a-ciclo-continuativo","status":"publish","type":"page","link":"http:\/\/www.villaangela.info\/sito\/servizio-di-riabilitazione-residenziale-a-ciclo-continuativo\/","title":{"rendered":"Servizio di Riabilitazione Residenziale a Ciclo Continuativo"},"content":{"rendered":"<p>Tale servizio \u00e8 rivolto a bambini, adolescenti e giovani adulti, con \u201cRitardo Mentale\u201d, \u201cDisturbi da Alterato Sviluppo Psicologico\u201d\u00a0 e \u201cDisturbi Comportamentali Ed Emozionali\u201d.<\/p>\n<p>L\u2019inquadramento diagnostico e la valutazione delle disabilit\u00e0, a cura dell\u2019equipe clinica del Centro, \u00e8 realizzata secondo la classificazione elaborata dall\u2019O.M.S. (ICD-10 e dell\u2019ICF).<\/p>\n<p>Per il servizio in questione valgono, ai fini della lista d\u2019attesa, i criteri e i determinanti gi\u00e0 espressi.<\/p>\n<p>La struttura, infatti, \u00e8 accreditata per ospitare fino ad un massimo di 67 utenti di cui 58 oggetto di accordi contrattuali con il Servizio Sanitario Regionale tramite l\u2019ASP di Catania, per i quali gli interventi generali previsti dal\u00a0 protocollo sono:<\/p>\n<ul>\n<li>Assistenza tutelare legata alla vita quotidiana, con il soddisfacimento dei bisogni di alimentazione, cura ed igiene della persona &#8211;<\/li>\n<li>Trattamento riabilitativo specifico, consistente sia in prestazioni finalizzate al recupero e\/o alla rieducazione funzionale e motoria, sia in trattamenti finalizzati al recupero sul piano psicologico e relazionale, nonch\u00e9 al recupero di abilit\u00e0 legate all&#8217;autonomia della vita quotidiana; nell&#8217;ambito dei trattamenti riabilitativi vanno considerate anche le specifiche esigenze clinico-diagnostiche dei singoli pazienti &#8211;<\/li>\n<li>Attivit\u00e0 occupazionali, didattiche e di formazione professionale, di socializzazione, finalizzate al recupero delle autonomie secondarie e della vita di relazione &#8211;<\/li>\n<li>Interventi Scolastico-Educativi per il mantenimento degli Apprendimenti Scolastici e per la soddisfazione del Diritto allo Studio attraverso la frequenza della Scuola Pubblica del territorio \u2013<\/li>\n<\/ul>\n<p>Pi\u00f9 specificatamente il protocollo si articola, in funzione delle esigenze presentate dal singolo, in:<\/p>\n<ul>\n<li>Inserimento individualizzato della persona all&#8217;interno di un\u00a0 gruppo di riferimento il cui numero varia in relazione alle disabilit\u00e0 presentate dagli stessi;<\/li>\n<li>Interventi di natura sanitaria (medica e psicologica), riabilitativa ed assistenziale realizzati da personale qualificato e specializzato in accordo con gli obiettivi individuati\u00a0 dal Progetto Terapeutico-Riabilitativo Individuale stilato periodicamente dall&#8217;\u00e9quipe tecnico-sanitaria del Centro;<\/li>\n<li>Interventi riabilitativi-educativi finalizzati all&#8217;acquisizione e\/o al mantenimento delle autonomie primarie e secondarie nonch\u00e8 delle abilit\u00e0 di socializzazione, con attivit\u00e0 di tutoring e di supervisione estese nell&#8217;arco delle 24 ore, al fine di garantire all&#8217;utenza residenziale un contesto di vita facilitante la partecipazione e l&#8217;aggregazione sociale \u2013<\/li>\n<li>Interventi Scolastico-Educativi per il mantenimento degli Apprendimenti Scolastici e per la soddisfazione del Diritto allo Studio attraverso la frequenza della Scuola Pubblica del territorio \u2013<\/li>\n<li>Assistenza Medica Specialistica: Neuro-psichiatrica, Psichiatrica, Fisiatrica e Foniatrica;<\/li>\n<li>Assistenza Infermieristica;<\/li>\n<li>Lavoro Clinico-Sociale con la famiglia d\u2019origine ed i Carer;<\/li>\n<li>Intervento di rete con le Agenzie del territorio di appartenenza.<\/li>\n<\/ul>\n<p>Gli specifici interventi di natura sanitaria (medica e\/o psicologica), riabilitativa ed assistenziale previsti dal protocollo sono i seguenti:<\/p>\n<ul>\n<li>Visite e Controlli Periodici di Medicina Generale e Specialistica &#8211;<\/li>\n<li>Visite, Colloqui, e somministrazione di Tests Psicologici &#8211;<\/li>\n<li>Sostegno Psicologico Individuale &#8211;<\/li>\n<li>Psicoterapia Individuale e\/o di Gruppo &#8211;<\/li>\n<li>Trattamenti Riabilitativi di kinesiterapia\u00a0 (KT) &#8211;<\/li>\n<li>Trattamenti Riabilitativi di Psicomotricit\u00e0 (PM)\/Psicomotricit\u00e0 in Acqua: Rieducazione PM \u2013 individuale e\/o di gruppo ad Orientamento Funzionale, Terapia PM \u2013 individuale e\/o di gruppo &#8211; ad Orientamento Relazionale &#8211;<\/li>\n<li>Trattamenti Riabilitativi di Logopedia\u00a0 (LT) &#8211;<\/li>\n<li>Trattamenti Riabilitativi di Ergoterapia: Laboratori espressivi, pratico-terapeutici,\u00a0 addestramento al lavoro \u2013<\/li>\n<li>Trattamenti Riabilitativi di Orientamento Psicopedagogico ( intervento psico-educativo, intervento pedagogico e di supporto, intervento didattico individuale e di gruppo, orientamento ed addestramento professionale con eventuale tirocinio lavorativo esterno monitorato) &#8211;<\/li>\n<\/ul>\n<p>I Trattamenti Terapeutico-Riabilitativi sono integrati da attivit\u00e0 ludico-ricreativo-sportive (calcio, partecipazione a feste e meetings) svolte anche all\u2019esterno presso e\/o con altre Associazioni e\/o Enti (Clan dei Ragazzi, il Club della Stampa) atte favorire una partecipazione sempre maggiore dei pazienti nell&#8217;ambito sociale delterritorio.<\/p>\n<p>Il Servizio di Riabilitazione Residenziale a ciclo continuativo \u00e8 attivo 365 giorni all\u2019anno.<\/p>\n<p>I rientri in famiglia degli utenti variano in funzione del singolo progetto terapeutico-riabilitativo e\/o delle situazioni familiari.<\/p>\n<p>Pertanto, ci sono utenti che rientrano in famiglia settimanalmente, altri a settimane alterne, altri mensilmente, altri soltanto in occasione delle festivit\u00e0.<\/p>\n<p>Nel mese di Agosto, l\u2019attivit\u00e0 viene ridotta poich\u00e9 \u2013 salvo situazioni particolari e specifiche \u2013 i ragazzi rientrano, alternativamente, in famiglia per una e\/o due settimane.<\/p>\n<p>Il SRCC organizza al proprio interno uno specifico servizio di Comunit\u00e0 Terapeutica per Minori con una grave patologia mentale correlata alla disabilit\u00e0 psichica, denominato &#8220;Gruppo Calimero&#8221;.<\/p>\n<p>Il personale in servizio corrisponde agli standard previsti dal Decreto Assessorato alla Sanit\u00e0 Regione Sicilia 15\/02\/1992 su GURS n.19 del 11\/04\/1992.<\/p>\n","protected":false},"excerpt":{"rendered":"<p>Tale servizio \u00e8 rivolto a bambini, adolescenti e giovani adulti, con \u201cRitardo Mentale\u201d, \u201cDisturbi da Alterato Sviluppo Psicologico\u201d\u00a0 e \u201cDisturbi Comportamentali Ed Emozionali\u201d. L\u2019inquadramento diagnostico e la valutazione delle disabilit\u00e0, a cura dell\u2019equipe clinica del Centro, \u00e8 realizzata secondo la classificazione elaborata dall\u2019O.M.S. (ICD-10 e dell\u2019ICF). Per il servizio in questione valgono, ai fini della [&hellip;]<\/p>\n","protected":false},"author":1,"featured_media":0,"parent":0,"menu_order":0,"comment_status":"closed","ping_status":"closed","template":"","meta":[],"_links":{"self":[{"href":"http:\/\/www.villaangela.info\/sito\/wp-json\/wp\/v2\/pages\/76"}],"collection":[{"href":"http:\/\/www.villaangela.info\/sito\/wp-json\/wp\/v2\/pages"}],"about":[{"href":"http:\/\/www.villaangela.info\/sito\/wp-json\/wp\/v2\/types\/page"}],"author":[{"embeddable":true,"href":"http:\/\/www.villaangela.info\/sito\/wp-json\/wp\/v2\/users\/1"}],"replies":[{"embeddable":true,"href":"http:\/\/www.villaangela.info\/sito\/wp-json\/wp\/v2\/comments?post=76"}],"version-history":[{"count":1,"href":"http:\/\/www.villaangela.info\/sito\/wp-json\/wp\/v2\/pages\/76\/revisions"}],"predecessor-version":[{"id":77,"href":"http:\/\/www.villaangela.info\/sito\/wp-json\/wp\/v2\/pages\/76\/revisions\/77"}],"wp:attachment":[{"href":"http:\/\/www.villaangela.info\/sito\/wp-json\/wp\/v2\/media?parent=76"}],"curies":[{"name":"wp","href":"https:\/\/api.w.org\/{rel}","templated":true}]}}

<p>Tale servizio è rivolto a bambini, adolescenti e giovani adulti, con “Ritardo Mentale”, “Disturbi da Alterato Sviluppo Psicologico”  e “Disturbi Comportamentali Ed Emozionali”.</p>
<p>L’inquadramento diagnostico e la valutazione delle disabilità, a cura dell’equipe clinica del Centro, è realizzata secondo la classificazione elaborata dall’O.M.S. (ICD-10 e dell’ICF).</p>
<p>Per il servizio in questione valgono, ai fini della lista d’attesa, i criteri e i determinanti già espressi.</p>
<p>La struttura, infatti, è accreditata per ospitare fino ad un massimo di 67 utenti di cui 58 oggetto di accordi contrattuali con il Servizio Sanitario Regionale tramite l’ASP di Catania, per i quali gli interventi generali previsti dal  protocollo sono:</p>
<ul>
<li>Assistenza tutelare legata alla vita quotidiana, con il soddisfacimento dei bisogni di alimentazione, cura ed igiene della persona &#8211;</li>
<li>Trattamento riabilitativo specifico, consistente sia in prestazioni finalizzate al recupero e/o alla rieducazione funzionale e motoria, sia in trattamenti finalizzati al recupero sul piano psicologico e relazionale, nonché al recupero di abilità legate all&#8217;autonomia della vita quotidiana; nell&#8217;ambito dei trattamenti riabilitativi vanno considerate anche le specifiche esigenze clinico-diagnostiche dei singoli pazienti &#8211;</li>
<li>Attività occupazionali, didattiche e di formazione professionale, di socializzazione, finalizzate al recupero delle autonomie secondarie e della vita di relazione &#8211;</li>
<li>Interventi Scolastico-Educativi per il mantenimento degli Apprendimenti Scolastici e per la soddisfazione del Diritto allo Studio attraverso la frequenza della Scuola Pubblica del territorio –</li>
</ul>
<p>Più specificatamente il protocollo si articola, in funzione delle esigenze presentate dal singolo, in:</p>
<ul>
<li>Inserimento individualizzato della persona all&#8217;interno di un  gruppo di riferimento il cui numero varia in relazione alle disabilità presentate dagli stessi;</li>
<li>Interventi di natura sanitaria (medica e psicologica), riabilitativa ed assistenziale realizzati da personale qualificato e specializzato in accordo con gli obiettivi individuati  dal Progetto Terapeutico-Riabilitativo Individuale stilato periodicamente dall&#8217;équipe tecnico-sanitaria del Centro;</li>
<li>Interventi riabilitativi-educativi finalizzati all&#8217;acquisizione e/o al mantenimento delle autonomie primarie e secondarie nonchè delle abilità di socializzazione, con attività di tutoring e di supervisione estese nell&#8217;arco delle 24 ore, al fine di garantire all&#8217;utenza residenziale un contesto di vita facilitante la partecipazione e l&#8217;aggregazione sociale –</li>
<li>Interventi Scolastico-Educativi per il mantenimento degli Apprendimenti Scolastici e per la soddisfazione del Diritto allo Studio attraverso la frequenza della Scuola Pubblica del territorio –</li>
<li>Assistenza Medica Specialistica: Neuro-psichiatrica, Psichiatrica, Fisiatrica e Foniatrica;</li>
<li>Assistenza Infermieristica;</li>
<li>Lavoro Clinico-Sociale con la famiglia d’origine ed i Carer;</li>
<li>Intervento di rete con le Agenzie del territorio di appartenenza.</li>
</ul>
<p>Gli specifici interventi di natura sanitaria (medica e/o psicologica), riabilitativa ed assistenziale previsti dal protocollo sono i seguenti:</p>
<ul>
<li>Visite e Controlli Periodici di Medicina Generale e Specialistica &#8211;</li>
<li>Visite, Colloqui, e somministrazione di Tests Psicologici &#8211;</li>
<li>Sostegno Psicologico Individuale &#8211;</li>
<li>Psicoterapia Individuale e/o di Gruppo &#8211;</li>
<li>Trattamenti Riabilitativi di kinesiterapia  (KT) &#8211;</li>
<li>Trattamenti Riabilitativi di Psicomotricità (PM)/Psicomotricità in Acqua: Rieducazione PM – individuale e/o di gruppo ad Orientamento Funzionale, Terapia PM – individuale e/o di gruppo &#8211; ad Orientamento Relazionale &#8211;</li>
<li>Trattamenti Riabilitativi di Logopedia  (LT) &#8211;</li>
<li>Trattamenti Riabilitativi di Ergoterapia: Laboratori espressivi, pratico-terapeutici,  addestramento al lavoro –</li>
<li>Trattamenti Riabilitativi di Orientamento Psicopedagogico ( intervento psico-educativo, intervento pedagogico e di supporto, intervento didattico individuale e di gruppo, orientamento ed addestramento professionale con eventuale tirocinio lavorativo esterno monitorato) &#8211;</li>
</ul>
<p>I Trattamenti Terapeutico-Riabilitativi sono integrati da attività ludico-ricreativo-sportive (calcio, partecipazione a feste e meetings) svolte anche all’esterno presso e/o con altre Associazioni e/o Enti (Clan dei Ragazzi, il Club della Stampa) atte favorire una partecipazione sempre maggiore dei pazienti nell&#8217;ambito sociale delterritorio.</p>
<p>Il Servizio di Riabilitazione Residenziale a ciclo continuativo è attivo 365 giorni all’anno.</p>
<p>I rientri in famiglia degli utenti variano in funzione del singolo progetto terapeutico-riabilitativo e/o delle situazioni familiari.</p>
<p>Pertanto, ci sono utenti che rientrano in famiglia settimanalmente, altri a settimane alterne, altri mensilmente, altri soltanto in occasione delle festività.</p>
<p>Nel mese di Agosto, l’attività viene ridotta poiché – salvo situazioni particolari e specifiche – i ragazzi rientrano, alternativamente, in famiglia per una e/o due settimane.</p>
<p>Il SRCC organizza al proprio interno uno specifico servizio di Comunità Terapeutica per Minori con una grave patologia mentale correlata alla disabilità psichica, denominato &#8220;Gruppo Calimero&#8221;.</p>
<p>Il personale in servizio corrisponde agli standard previsti dal Decreto Assessorato alla Sanità Regione Sicilia 15/02/1992 su GURS n.19 del 11/04/1992.</p>

<p>Tale servizio è rivolto a bambini, adolescenti e giovani adulti, con “Ritardo Mentale”, “Disturbi da Alterato Sviluppo Psicologico”  e “Disturbi Comportamentali Ed Emozionali”. L’inquadramento diagnostico e la valutazione delle disabilità, a cura dell’equipe clinica del Centro, è realizzata secondo la classificazione elaborata dall’O.M.S. (ICD-10 e dell’ICF). Per il servizio in questione valgono, ai fini della [&hellip;]</p>
