{"id":3,"date":"2015-12-28T12:46:56","date_gmt":"2015-12-28T12:46:56","guid":{"rendered":"http:\/\/www.villaangela.info\/sito\/?page_id=3"},"modified":"2015-12-28T18:05:57","modified_gmt":"2015-12-28T18:05:57","slug":"vision","status":"publish","type":"page","link":"http:\/\/www.villaangela.info\/sito\/vision\/","title":{"rendered":"Vision"},"content":{"rendered":"<p>&nbsp;<\/p>\n<p><strong><em><a href=\"http:\/\/www.villaangela.info\/sito\/wp-content\/uploads\/2015\/12\/Immagin50VA.jpg\" rel=\"attachment wp-att-4\"><img loading=\"lazy\" class=\"size-full wp-image-4 alignleft\" src=\"http:\/\/www.villaangela.info\/sito\/wp-content\/uploads\/2015\/12\/Immagin50VA.jpg\" alt=\"Immagin50VA\" width=\"220\" height=\"153\" \/><\/a>Cinquant\u2019anni dalla fondazione di Villa Angela<\/em><\/strong><\/p>\n<p>&nbsp;<\/p>\n<p align=\"center\"><strong><em>1964 &#8211; 2014<\/em><\/strong><\/p>\n<p>&nbsp;<\/p>\n<p><strong><em>Il Clan dei Ragazzi<\/em><\/strong> prendeva vita a Catania negli anni \u201950, come innovativo Centro di Aggregazione Giovanile, che dalla met\u00e0 degli anni \u201960 in poi ha contribuito, col suo stile fondamentalmente oratoriale, al tentativo della Sanit\u00e0 dell\u2019epoca, di tirar fuori dalle loro case, nelle quali erano ancora tenuti nascosti dalle proprie famiglie, quei ragazzi che allora, nella migliore delle ipotesi, venivano chiamati \u201csubnormali\u201d.<\/p>\n<p>&nbsp;<\/p>\n<p><em>\u00a0<\/em><strong><em>Villa Angela<\/em><\/strong> rappresenta cos\u00ec lo sviluppo di una ispirazione di questo Centro di Aggregazione Giovanile, e prende forma prima come Scuola Speciale fondandosi trasgressivamente sul valore dell\u2019integrazione tra giovani \u201cnormodotati\u201d e giovani \u201cdiversamente abili\u201d, dono e scambio reciproco perch\u00e8 ciascuno possa arricchire ed essere arricchito dall&#8217;altro. Villa Angela, quindi, non \u00e8 mai stata intesa semplicemente come una struttura residenziale di lungo degenza volta a <strong><em>con-tenere<\/em><\/strong> e <strong><em>con-finare<\/em><\/strong> la grave patologia psichica per proteggere la societ\u00e0 dal pericolo rappresentato dalla follia, ma neanche, n\u00e9 tanto meno, come \u00e8 un luogo che serve a proteggere dal mondo esterno chi nella societ\u00e0 appare pi\u00f9 debole.<\/p>\n<p>&nbsp;<\/p>\n<p><strong>\u00a0<em>Villa Angela <\/em><\/strong>luogo di cura<strong>&#8211;<\/strong>successivamentedefinito, convenzionato ed accreditato dalla Sanit\u00e0 come Centro di Riabilitazione <strong>&#8211;<\/strong>\u00e8 quindi anche uno spazio in cui \u00e8 possibile attuare una trasformazione soprattutto qualitativa, e non solo quantitativa, della patologia psichica o della disabilit\u00e0 mentale. Si ha riabilitazione infatti, solo in un luogo di cura aperto e di transito &#8211; i cancelli di accesso si aprono alle 6:00 e si chiudono alle 23:00 -, che consenta al soggetto di percepire l\u2019esperienza residenziale in maniera sintonica rispetto al proprio percorso di crescita e orientata alla fiducia verso la vita e il prossimo, e non come un taglio che lo esclude irreversibilmente dal mondo dei cosiddetti \u201cnormali\u201d.<\/p>\n<p>&nbsp;<\/p>\n<p><strong>\u00a0<em>Villa Angela <\/em><\/strong>non realizza esclusivamente trattamenti terapeutici, condivisi e congruenti con le risorse dei soggetti e delle loro famiglie, ma ogni giorno tenta anche di ri-includere i suoi ospiti all\u2019interno di ambienti abilitanti ed eventi mentali che, assumendo un vero e proprio significato simbolico grazie all\u2019istaurarsi di relazioni affettive da <strong><em>con-dividere<\/em><\/strong> in contesti gruppali e comunitari, possano diventare campi esperienziali funzionali alla ripresa di un personale percorso di vita.<\/p>\n<p>&nbsp;<\/p>\n<p><em>Tentare di cambiare questa filosofia, che fra l\u2019altro ha ottenuto meravigliosi risultati ne<strong> i primi 50 anni di vita di Villa Angela<\/strong>, sarebbe fra l\u2019altro un delitto contro gli artisti che hanno quotidianamente contribuito a questa opera con amore e sacrificio. <\/em><\/p>\n<p>&nbsp;<\/p>\n<p>San Giovanni la Punta, li 5 febbraio 2014\u00a0\u00a0\u00a0\u00a0\u00a0\u00a0\u00a0\u00a0\u00a0\u00a0\u00a0\u00a0\u00a0\u00a0\u00a0\u00a0\u00a0\u00a0\u00a0\u00a0\u00a0\u00a0\u00a0\u00a0\u00a0\u00a0\u00a0\u00a0\u00a0\u00a0\u00a0\u00a0\u00a0\u00a0\u00a0\u00a0 Sacerdote <strong>Ugo Aresco<\/strong><\/p>\n<p>&nbsp;<\/p>\n<p>&nbsp;<\/p>\n","protected":false},"excerpt":{"rendered":"<p>&nbsp; Cinquant\u2019anni dalla fondazione di Villa Angela &nbsp; 1964 &#8211; 2014 &nbsp; Il Clan dei Ragazzi prendeva vita a Catania negli anni \u201950, come innovativo Centro di Aggregazione Giovanile, che dalla met\u00e0 degli anni \u201960 in poi ha contribuito, col suo stile fondamentalmente oratoriale, al tentativo della Sanit\u00e0 dell\u2019epoca, di tirar fuori dalle loro case, [&hellip;]<\/p>\n","protected":false},"author":1,"featured_media":0,"parent":0,"menu_order":0,"comment_status":"closed","ping_status":"closed","template":"","meta":[],"_links":{"self":[{"href":"http:\/\/www.villaangela.info\/sito\/wp-json\/wp\/v2\/pages\/3"}],"collection":[{"href":"http:\/\/www.villaangela.info\/sito\/wp-json\/wp\/v2\/pages"}],"about":[{"href":"http:\/\/www.villaangela.info\/sito\/wp-json\/wp\/v2\/types\/page"}],"author":[{"embeddable":true,"href":"http:\/\/www.villaangela.info\/sito\/wp-json\/wp\/v2\/users\/1"}],"replies":[{"embeddable":true,"href":"http:\/\/www.villaangela.info\/sito\/wp-json\/wp\/v2\/comments?post=3"}],"version-history":[{"count":8,"href":"http:\/\/www.villaangela.info\/sito\/wp-json\/wp\/v2\/pages\/3\/revisions"}],"predecessor-version":[{"id":68,"href":"http:\/\/www.villaangela.info\/sito\/wp-json\/wp\/v2\/pages\/3\/revisions\/68"}],"wp:attachment":[{"href":"http:\/\/www.villaangela.info\/sito\/wp-json\/wp\/v2\/media?parent=3"}],"curies":[{"name":"wp","href":"https:\/\/api.w.org\/{rel}","templated":true}]}}

<p>&nbsp;</p>
<p><strong><em><a href="http://www.villaangela.info/sito/wp-content/uploads/2015/12/Immagin50VA.jpg" rel="attachment wp-att-4"><img loading="lazy" class="size-full wp-image-4 alignleft" src="http://www.villaangela.info/sito/wp-content/uploads/2015/12/Immagin50VA.jpg" alt="Immagin50VA" width="220" height="153" /></a>Cinquant’anni dalla fondazione di Villa Angela</em></strong></p>
<p>&nbsp;</p>
<p align="center"><strong><em>1964 &#8211; 2014</em></strong></p>
<p>&nbsp;</p>
<p><strong><em>Il Clan dei Ragazzi</em></strong> prendeva vita a Catania negli anni ’50, come innovativo Centro di Aggregazione Giovanile, che dalla metà degli anni ’60 in poi ha contribuito, col suo stile fondamentalmente oratoriale, al tentativo della Sanità dell’epoca, di tirar fuori dalle loro case, nelle quali erano ancora tenuti nascosti dalle proprie famiglie, quei ragazzi che allora, nella migliore delle ipotesi, venivano chiamati “subnormali”.</p>
<p>&nbsp;</p>
<p><em> </em><strong><em>Villa Angela</em></strong> rappresenta così lo sviluppo di una ispirazione di questo Centro di Aggregazione Giovanile, e prende forma prima come Scuola Speciale fondandosi trasgressivamente sul valore dell’integrazione tra giovani “normodotati” e giovani “diversamente abili”, dono e scambio reciproco perchè ciascuno possa arricchire ed essere arricchito dall&#8217;altro. Villa Angela, quindi, non è mai stata intesa semplicemente come una struttura residenziale di lungo degenza volta a <strong><em>con-tenere</em></strong> e <strong><em>con-finare</em></strong> la grave patologia psichica per proteggere la società dal pericolo rappresentato dalla follia, ma neanche, né tanto meno, come è un luogo che serve a proteggere dal mondo esterno chi nella società appare più debole.</p>
<p>&nbsp;</p>
<p><strong> <em>Villa Angela </em></strong>luogo di cura<strong>&#8211;</strong>successivamentedefinito, convenzionato ed accreditato dalla Sanità come Centro di Riabilitazione <strong>&#8211;</strong>è quindi anche uno spazio in cui è possibile attuare una trasformazione soprattutto qualitativa, e non solo quantitativa, della patologia psichica o della disabilità mentale. Si ha riabilitazione infatti, solo in un luogo di cura aperto e di transito &#8211; i cancelli di accesso si aprono alle 6:00 e si chiudono alle 23:00 -, che consenta al soggetto di percepire l’esperienza residenziale in maniera sintonica rispetto al proprio percorso di crescita e orientata alla fiducia verso la vita e il prossimo, e non come un taglio che lo esclude irreversibilmente dal mondo dei cosiddetti “normali”.</p>
<p>&nbsp;</p>
<p><strong> <em>Villa Angela </em></strong>non realizza esclusivamente trattamenti terapeutici, condivisi e congruenti con le risorse dei soggetti e delle loro famiglie, ma ogni giorno tenta anche di ri-includere i suoi ospiti all’interno di ambienti abilitanti ed eventi mentali che, assumendo un vero e proprio significato simbolico grazie all’istaurarsi di relazioni affettive da <strong><em>con-dividere</em></strong> in contesti gruppali e comunitari, possano diventare campi esperienziali funzionali alla ripresa di un personale percorso di vita.</p>
<p>&nbsp;</p>
<p><em>Tentare di cambiare questa filosofia, che fra l’altro ha ottenuto meravigliosi risultati ne<strong> i primi 50 anni di vita di Villa Angela</strong>, sarebbe fra l’altro un delitto contro gli artisti che hanno quotidianamente contribuito a questa opera con amore e sacrificio. </em></p>
<p>&nbsp;</p>
<p>San Giovanni la Punta, li 5 febbraio 2014                                     Sacerdote <strong>Ugo Aresco</strong></p>
<p>&nbsp;</p>
<p>&nbsp;</p>

<p>&nbsp; Cinquant’anni dalla fondazione di Villa Angela &nbsp; 1964 &#8211; 2014 &nbsp; Il Clan dei Ragazzi prendeva vita a Catania negli anni ’50, come innovativo Centro di Aggregazione Giovanile, che dalla metà degli anni ’60 in poi ha contribuito, col suo stile fondamentalmente oratoriale, al tentativo della Sanità dell’epoca, di tirar fuori dalle loro case, [&hellip;]</p>
